{"id":506,"date":"2012-05-24T17:06:48","date_gmt":"2012-05-24T15:06:48","guid":{"rendered":"http:\/\/www.granulex.fr\/?page_id=506"},"modified":"2012-06-05T10:56:43","modified_gmt":"2012-06-05T08:56:43","slug":"lunivers-des-solutions","status":"publish","type":"page","link":"https:\/\/www.granulex.fr\/?page_id=506","title":{"rendered":"L&rsquo;univers des solutions"},"content":{"rendered":"<div class=\"petit-bpe\">\n<h2 class=\"bloc-accueil\" style=\"padding-top:0\">Solutions constructives BPE \/ Pr\u00e9fa<\/h2>\n<div class=\"photo\">\n\t<a title=\"B\u00e9ton isolant\" href=\"http:\/\/www.granulex.fr\/?page_id=105\"><img loading=\"lazy\" decoding=\"async\" src=\"http:\/\/www.granulex.fr\/wp-content\/uploads\/2012\/05\/b\u00e9ton-l\u00e9ger-2.jpg\" alt=\"B\u00e9ton isolant\" title=\"B\u00e9ton isolant\" width=\"172\" height=\"130\" class=\"aligncenter size-full wp-image-882\" \/><span class=\"titre-photo bpe\">B\u00e9ton isolant<\/span><\/a>\n<\/div>\n<div class=\"photo\">\n\t<a title=\"B\u00e9ton l\u00e9ger\" href=\"http:\/\/www.granulex.fr\/?page_id=103\"><img loading=\"lazy\" decoding=\"async\" src=\"http:\/\/www.granulex.fr\/wp-content\/uploads\/2012\/05\/B\u00e9ton-l\u00e9ger-structurel.jpg\" alt=\"B\u00e9ton l\u00e9ger\" title=\"B\u00e9ton l\u00e9ger\" width=\"172\" height=\"130\" class=\"aligncenter size-full wp-image-883\" \/><span class=\"titre-photo bpe\">B\u00e9ton l\u00e9ger<\/span><br \/>\n\t<\/a>\n<\/div>\n<div class=\"photo\">\n\t<a title=\"Bloc b\u00e9ton isolant\" href=\"http:\/\/www.granulex.fr\/?page_id=111\"><img loading=\"lazy\" decoding=\"async\" src=\"http:\/\/www.granulex.fr\/wp-content\/uploads\/2012\/05\/Bloc-b\u00e9ton-isolant.jpg\" alt=\"Bloc b\u00e9ton isolant\" title=\"Bloc b\u00e9ton isolant\" width=\"172\" height=\"130\" class=\"aligncenter size-full wp-image-884\" \/><span class=\"titre-photo bpe\">Bloc b\u00e9ton isolant<\/span><br \/>\n\t<\/a>\n<\/div>\n<div class=\"photo last\">\n\t<a title=\"Bloc b\u00e9ton all\u00e9g\u00e9\" href=\"http:\/\/www.granulex.fr\/?page_id=109\"><img loading=\"lazy\" decoding=\"async\" src=\"http:\/\/www.granulex.fr\/wp-content\/uploads\/2012\/05\/bloc-b\u00e9ton-l\u00e9ger.jpg\" alt=\"Bloc b\u00e9ton l\u00e9ger\" title=\"Bloc b\u00e9ton l\u00e9ger\" width=\"172\" height=\"130\" class=\"aligncenter size-full wp-image-885\" \/><span class=\"titre-photo bpe\">Bloc b\u00e9ton all\u00e9g\u00e9<\/span><br \/>\n\t<\/a>\n<\/div>\n<h2 class=\"bloc-accueil\">Solutions environementales<\/h2>\n<div class=\"photo\">\n\t<a title=\"Toivert\" href=\"http:\/\/www.granulex.fr\/?page_id=127\"><img loading=\"lazy\" decoding=\"async\" src=\"http:\/\/www.granulex.fr\/wp-content\/uploads\/2012\/05\/toiture-v\u00e9g\u00e9talis\u00e9e.jpg\" alt=\"Toiture v\u00e9g\u00e9talis\u00e9e\" title=\"Toiture v\u00e9g\u00e9talis\u00e9e\" width=\"172\" height=\"130\" class=\"aligncenter size-full wp-image-886\" \/><span class=\"titre-photo paysage\">Toivert<\/span><br \/>\n\t<\/a>\n<\/div>\n<div class=\"photo\">\n\t<a title=\"Dalle chaux schiste\" href=\"http:\/\/www.granulex.fr\/?page_id=113\"><img loading=\"lazy\" decoding=\"async\" src=\"http:\/\/www.granulex.fr\/wp-content\/uploads\/2012\/05\/dalle-chaux-schiste.jpg\" alt=\"Dalle Chaux Schiste\" title=\"Dalle Chaux Schiste\" width=\"172\" height=\"130\" class=\"aligncenter size-full wp-image-887\" \/><span class=\"titre-photo paysage\">Dalle Chaux Schiste<\/span><br \/>\n\t<\/a>\n<\/div>\n<div class=\"photo\">\n\t<a title=\"\u00c9cosol\" href=\"http:\/\/www.granulex.fr\/?page_id=117\"><img decoding=\"async\" src=\"http:\/\/www.granulex.fr\/wp-content\/themes\/twentyeleven\/images\/ecosol.jpg\" title=\"Ecosol\" alt=\"Ecosol\" \/><span class=\"titre-photo paysage\">Ecosol<\/span><br \/>\n\t<\/a>\n<\/div>\n<div class=\"photo last\">\n\t<a title=\"Granulex\u00ae paillage\" href=\"http:\/\/www.granulex.fr\/?page_id=121\"><img decoding=\"async\" src=\"http:\/\/www.granulex.fr\/wp-content\/themes\/twentyeleven\/images\/paillage-accueil.jpg\" title=\"Granulex\u00ae paillage\" alt=\"Granulex\u00ae paillage\" \/><span class=\"titre-photo paysage\">Granulex\u00ae paillage<\/span><br \/>\n\t<\/a>\n<\/div>\n<h2 class=\"bloc-accueil last\">Solutions contructives TP<\/h2>\n<div style=\"clear:both\">\n<div class=\"photo\">\n\t<a title=\"Lit bact\u00e9rien\" href=\"http:\/\/www.granulex.fr\/?page_id=123\"><img loading=\"lazy\" decoding=\"async\" src=\"http:\/\/www.granulex.fr\/wp-content\/uploads\/2012\/05\/lit-bact\u00e9rien.jpg\" alt=\"Lit bact\u00e9rien\" title=\"Lit bact\u00e9rien\" width=\"172\" height=\"130\" class=\"aligncenter size-full wp-image-888\" \/><span class=\"titre-photo eau\">Lit bact\u00e9rien<\/span><br \/>\n\t<\/a>\n<\/div>\n<div class=\"photo\">\n\t<a title=\"Biofiltres\" href=\"http:\/\/www.granulex.fr\/?page_id=107\"><img loading=\"lazy\" decoding=\"async\" src=\"http:\/\/www.granulex.fr\/wp-content\/uploads\/2012\/05\/filtration-eau.jpg\" alt=\"Biofiltres\" title=\"Biofiltres\" width=\"172\" height=\"130\" class=\"aligncenter size-full wp-image-890\" \/><span class=\"titre-photo eau\">Biofiltres<\/span><br \/>\n\t<\/a>\n<\/div>\n<div class=\"photo \">\n\t<a title=\"Filtration air\" href=\"http:\/\/www.granulex.fr\/?page_id=119\"><img loading=\"lazy\" decoding=\"async\" src=\"http:\/\/www.granulex.fr\/wp-content\/uploads\/2012\/05\/filtre-air-vici\u00e9-2.jpg\" alt=\"Traitement de l\u2019air vici\u00e9\" title=\"Traitement de l\u2019air vici\u00e9\" width=\"172\" height=\"130\" class=\"aligncenter size-full wp-image-889\" \/><span class=\"titre-photo eau\">Traitement de l\u2019air vici\u00e9<\/span><br \/>\n\t<\/a>\n<\/div>\n<div class=\"photo last\">\n\t<a title=\"Remblais technique\" href=\"http:\/\/www.granulex.fr\/?page_id=125\"><img loading=\"lazy\" decoding=\"async\" src=\"http:\/\/www.granulex.fr\/wp-content\/uploads\/2012\/05\/Remblais-technique.jpg\" alt=\"Remblais technique\" title=\"Remblais technique\" width=\"172\" height=\"130\" class=\"aligncenter size-full wp-image-891\" \/><span class=\"titre-photo tp\">Remblais technique<\/span><br \/>\n\t<\/a>\n<\/div>\n<p class=\"clear\">&nbsp;<\/p>\n<\/div>\n<\/div>\n","protected":false},"excerpt":{"rendered":"<p>Solutions constructives BPE \/ Pr\u00e9fa B\u00e9ton isolant B\u00e9ton l\u00e9ger Bloc b\u00e9ton isolant Bloc b\u00e9ton all\u00e9g\u00e9 Solutions environementales Toivert Dalle Chaux Schiste Ecosol Granulex\u00ae paillage Solutions contructives TP Lit bact\u00e9rien Biofiltres Traitement de l\u2019air vici\u00e9 Remblais technique &nbsp;<\/p>\n","protected":false},"author":4,"featured_media":0,"parent":2,"menu_order":0,"comment_status":"closed","ping_status":"open","template":"","meta":{"footnotes":""},"class_list":["post-506","page","type-page","status-publish","hentry"],"_links":{"self":[{"href":"https:\/\/www.granulex.fr\/index.php?rest_route=\/wp\/v2\/pages\/506","targetHints":{"allow":["GET"]}}],"collection":[{"href":"https:\/\/www.granulex.fr\/index.php?rest_route=\/wp\/v2\/pages"}],"about":[{"href":"https:\/\/www.granulex.fr\/index.php?rest_route=\/wp\/v2\/types\/page"}],"author":[{"embeddable":true,"href":"https:\/\/www.granulex.fr\/index.php?rest_route=\/wp\/v2\/users\/4"}],"replies":[{"embeddable":true,"href":"https:\/\/www.granulex.fr\/index.php?rest_route=%2Fwp%2Fv2%2Fcomments&post=506"}],"version-history":[{"count":5,"href":"https:\/\/www.granulex.fr\/index.php?rest_route=\/wp\/v2\/pages\/506\/revisions"}],"predecessor-version":[{"id":894,"href":"https:\/\/www.granulex.fr\/index.php?rest_route=\/wp\/v2\/pages\/506\/revisions\/894"}],"up":[{"embeddable":true,"href":"https:\/\/www.granulex.fr\/index.php?rest_route=\/wp\/v2\/pages\/2"}],"wp:attachment":[{"href":"https:\/\/www.granulex.fr\/index.php?rest_route=%2Fwp%2Fv2%2Fmedia&parent=506"}],"curies":[{"name":"wp","href":"https:\/\/api.w.org\/{rel}","templated":true}]}}