{"id":127,"date":"2012-01-26T15:47:38","date_gmt":"2012-01-26T14:47:38","guid":{"rendered":"http:\/\/www.granulex.fr\/?page_id=127"},"modified":"2012-05-31T16:28:49","modified_gmt":"2012-05-31T14:28:49","slug":"toitures-vegetalisees","status":"publish","type":"page","link":"https:\/\/www.granulex.fr\/?page_id=127","title":{"rendered":"Toivert"},"content":{"rendered":"<div class=\"left_bloc\">\n<h2>Avantages Toivert<\/h2>\n<p>Moins de r\u00e9tention en eau : adapt\u00e9 aux cultures extensives. Une solution compl\u00e8te du drainage au paillage. L\u2019utilisation des toitures v\u00e9g\u00e9talis\u00e9es est de plus en plus fr\u00e9quente dans les constructions modernes.<\/p>\n<p class=\"marron\" style=\"font-weight:bold\">En effet, leurs avantages sont nombreux :<\/p>\n<ul style=\"margin:0 0 20px 10px\">\n<li>\u2022 Gain non n\u00e9gligeable d\u2019inertie thermique et am\u00e9lioration du confort d\u2019\u00e9t\u00e9<\/li>\n<li>\u2022 Favorise la r\u00e9tention d\u2019eau et \u00e9vite de saturer les r\u00e9seaux d\u2019evacuation<\/li>\n<li>\u2022 Absorbe les bruits a\u00e9riens<\/li>\n<li>\u2022 Prot\u00e8ge l\u2019\u00e9tanch\u00e9it\u00e9 contre les UV, les chocs thermiques et la gr\u00e8le<\/li>\n<li>\u2022 Cr\u00e9ation de puits de carbone au centre des zones fortement urbanis\u00e9es.<\/li>\n<\/ul>\n<p><span style=\"color: #9c4a0e;\">\u2022<\/span> Le <span style=\"font-weight:bold\">Granulex\u00ae<\/span>, disponible sous diff\u00e9rentes granulom\u00e9tries est pr\u00e9sent dans les solutions de v\u00e9g\u00e9talisation que ce soit pour le drainage en sous couche ou pour all\u00e9ger le substrat de v\u00e9g\u00e9talisation.<\/p>\n<p><span style=\"color: #9c4a0e;\">\u2022<\/span> Les Granulats expans\u00e9s de la Mayenne produisent du substrat mais le Granulex est disponible en vrac ou en big bag pour cette application.<\/p>\n<p><span style=\"color: #9c4a0e;\">\u2022<\/span> Faiblement absorbants, les produits <span style=\"font-weight:bold\">Granulex\u00ae<\/span> se caract\u00e9risent par la faible reprise de charge comparativement aux autres solutions retenues dans ces domaines. Ils sont donc adapt\u00e9s \u00e0 des v\u00e9g\u00e9talisations extensives car ils permettent de mieux contr\u00f4ler l\u2019aspect pond\u00e9ral de la toiture v\u00e9g\u00e9talis\u00e9e.<\/p>\n<p><span style=\"color: #9c4a0e;\">\u2022<\/span> Notre \u00e9quipe commerciale est \u00e0 votre disposition pour trouver le produit correspondant \u00e0 vos besoins, n\u2019h\u00e9sitez pas \u00e0 prendre contact avec nous !\n<\/div>\n<div class=\"right_bloc\">\n<img loading=\"lazy\" decoding=\"async\" src=\"http:\/\/www.granulex.fr\/wp-content\/uploads\/2012\/01\/Victoria-BC-Marriott-Green-Roof-2.png\" alt=\"toit v\u00e9g\u00e9talis\u00e9\" title=\"toit v\u00e9g\u00e9talis\u00e9\" width=\"360\" height=\"309\" class=\"aligncenter size-full wp-image-463\" srcset=\"https:\/\/www.granulex.fr\/wp-content\/uploads\/2012\/01\/Victoria-BC-Marriott-Green-Roof-2.png 360w, https:\/\/www.granulex.fr\/wp-content\/uploads\/2012\/01\/Victoria-BC-Marriott-Green-Roof-2-300x257.png 300w, https:\/\/www.granulex.fr\/wp-content\/uploads\/2012\/01\/Victoria-BC-Marriott-Green-Roof-2-349x300.png 349w\" sizes=\"auto, (max-width: 360px) 100vw, 360px\" \/><\/p>\n<p class=\"legende\">Toiture v\u00e9g\u00e9talis\u00e9e<\/p>\n<p><img loading=\"lazy\" decoding=\"async\" src=\"http:\/\/www.granulex.fr\/wp-content\/uploads\/2012\/01\/roof_garden-expanded-shale-1.png\" alt=\"toit v\u00e9g\u00e9tal\" title=\"toit v\u00e9g\u00e9tal\" width=\"360\" height=\"205\" class=\"aligncenter size-full wp-image-462\" srcset=\"https:\/\/www.granulex.fr\/wp-content\/uploads\/2012\/01\/roof_garden-expanded-shale-1.png 360w, https:\/\/www.granulex.fr\/wp-content\/uploads\/2012\/01\/roof_garden-expanded-shale-1-300x170.png 300w\" sizes=\"auto, (max-width: 360px) 100vw, 360px\" \/><\/p>\n<p class=\"legende\">Toiture v\u00e9g\u00e9talis\u00e9e<\/p>\n<\/div>\n<div style=\"clear:both;padding-top:20px;margin-bottom:20px\">\n<img loading=\"lazy\" decoding=\"async\" src=\"http:\/\/www.granulex.fr\/wp-content\/uploads\/2012\/01\/toivert.png\" alt=\"sch\u00e9ma toivert\" title=\"sch\u00e9ma toivert\" width=\"580\" height=\"165\" class=\"aligncenter size-full wp-image-473\" srcset=\"https:\/\/www.granulex.fr\/wp-content\/uploads\/2012\/01\/toivert.png 580w, https:\/\/www.granulex.fr\/wp-content\/uploads\/2012\/01\/toivert-300x85.png 300w, https:\/\/www.granulex.fr\/wp-content\/uploads\/2012\/01\/toivert-500x142.png 500w\" sizes=\"auto, (max-width: 580px) 100vw, 580px\" \/><\/p>\n<div class=\"tiers\">\n<h4>Phase N\u00b0 1 Couche drainante R\u00e9f. 1420<\/h4>\n<p>Au dessus de l&rsquo;\u00e9tanch\u00e9it\u00e9, mise en place de la couche drainante sur une \u00e9paisseur minimum de 150 mm (200 mm sont conseill\u00e9s) pour recueillir et \u00e9vacuer l&rsquo;eau. <\/p>\n<p>Le diam\u00e8tre des conduits d&rsquo;\u00e9vacuation d&rsquo;eau est directement fonction de la surface du jardin terrasse. A titre indicatif dans une zone \u00e0 pluviosit\u00e9 moyenne il faut pr\u00e9voir un diam\u00e8tre de 70 mm pour des surfaces inf\u00e9rieures \u00e0 200 m<sup>2<\/sup>, 100 mm pour des surfaces inf\u00e9rieures \u00e0 500 m<sup>2<\/sup> et 125 mm pour des surfaces jusqu&rsquo;\u00e0 750 m<sup>2<\/sup>. <\/p>\n<p>Lors de la mise en place des \u00e9vacuations il est important de r\u00e9server une couche d&rsquo;air de 100 mm au dessus du niveau d&rsquo;\u00e9vacuation. Cela assure une bonne a\u00e9ration du syst\u00e8me racinaire. <\/p>\n<p>Cet espace \u00e9vite \u00e9galement la venue des racines au niveau de l&rsquo;\u00e9tanch\u00e9it\u00e9. Un compactage est n\u00e9cessaire si la couche drainante exc\u00e8de 250 mm d&rsquo;\u00e9paisseur. Apr\u00e8s compactage il reste environ 40 % de vide entre les grains. 100 % min\u00e9rale la couche drainante est ind\u00e9fectible.<\/p>\n<\/div>\n<div class=\"tiers\">\n<h4>Phase N\u00b0 2 Couche filtrante<\/h4>\n<p>Afin de pr\u00e9server la fonction drainante de la premi\u00e8re couche il est n\u00e9cessaire d&#8217;emp\u00eacher son colmatage par les particules provenant de la couche nourrici\u00e8re.<\/p>\n<p> Nous conseillons l&#8217;emploi d&rsquo;un g\u00e9otextile tiss\u00e9 ou non tiss\u00e9. <\/p>\n<p>Le passant maximal doit \u00eatre de 75 \u00b5 et la perm\u00e9abilit\u00e9 d&rsquo;au moins 15 l\/h\/m2. <\/p>\n<p>Les laies du g\u00e9otextile doivent se recouvrir sur 300 mm et remonter l\u00e9g\u00e8rement sur les bords ext\u00e9rieurs.<\/p>\n<\/div>\n<div class=\"tiers\" style=\"margin:0\">\n<h4>Phase N\u00b0 3 Couche nourrici\u00e8re R\u00e9f. 1904 &amp; 1908<\/h4>\n<p>L&rsquo;\u00e9paisseur de cette couche est fonction du type de v\u00e9g\u00e9taux que l&rsquo;on souhaite implanter. 200 mm est l&rsquo;\u00e9paisseur minimum pour une pelouse. <\/p>\n<p>Compter de 300 \u00e0 500 mm pour les couvre sols, les buissons et les arbustes \u00e0 enracinement de surface. Pour les haies hautes, arbres \u00e0 enracinement de mixte compter de 500 \u00e0 900 mm. Pour les autres arbres il faut pr\u00e9voir 300 \u00e0 500 mm de plus que la hauteur du plus grand container de transport. <\/p>\n<p>Cette couche est mise en place directement sur le g\u00e9otextile. Un compactage est conseill\u00e9 avant la plantation et l&rsquo;installation du syst\u00e8me d&rsquo;arrosage automatique. Les deux qualit\u00e9s de couche nourrici\u00e8re pr\u00eates \u00e0 l&#8217;emploi (r\u00e9f. 1904 et 1908) se diff\u00e9rencient par leurs masses respectives. <\/p>\n<p>La qualit\u00e9 XL constate une densit\u00e9 naturelle de 0,65 avec 18 % d&rsquo;eau. Elle s&#8217;emploie lorsque les contraintes de poids sont tr\u00e8s importantes. <\/p>\n<p>La qualit\u00e9 L, avec une densit\u00e9 naturelle de 0,74, est indiqu\u00e9e pour la plupart des applications. Compos\u00e9e \u00e0 75 % de mati\u00e8re min\u00e9rale expans\u00e9e \u00e0 1.130 \u00b0C, la couche nourrici\u00e8re est imputrescible, inalt\u00e9rable, exempte de germes pathog\u00e8nes et d&rsquo;une totale stabilit\u00e9 dimensionnelle. Chimiquement stable et d\u00e9sactiv\u00e9e par la cuisson, les alcalino terreux (phosphate et potassium), n\u00e9cessaires \u00e0 la croissance harmonieuse des plantations, sont totalement disponibles.\n<\/p><\/div>\n<\/div>\n","protected":false},"excerpt":{"rendered":"<p>Avantages Toivert Moins de r\u00e9tention en eau : adapt\u00e9 aux cultures extensives. Une solution compl\u00e8te du drainage au paillage. L\u2019utilisation des toitures v\u00e9g\u00e9talis\u00e9es est de plus en plus fr\u00e9quente dans les constructions modernes. En effet, leurs avantages sont nombreux : &hellip; <a href=\"https:\/\/www.granulex.fr\/?page_id=127\">Continuer la lecture <span class=\"meta-nav\">&rarr;<\/span><\/a><\/p>\n","protected":false},"author":4,"featured_media":0,"parent":322,"menu_order":1,"comment_status":"closed","ping_status":"open","template":"page-macon.php","meta":{"footnotes":""},"class_list":["post-127","page","type-page","status-publish","hentry"],"_links":{"self":[{"href":"https:\/\/www.granulex.fr\/index.php?rest_route=\/wp\/v2\/pages\/127","targetHints":{"allow":["GET"]}}],"collection":[{"href":"https:\/\/www.granulex.fr\/index.php?rest_route=\/wp\/v2\/pages"}],"about":[{"href":"https:\/\/www.granulex.fr\/index.php?rest_route=\/wp\/v2\/types\/page"}],"author":[{"embeddable":true,"href":"https:\/\/www.granulex.fr\/index.php?rest_route=\/wp\/v2\/users\/4"}],"replies":[{"embeddable":true,"href":"https:\/\/www.granulex.fr\/index.php?rest_route=%2Fwp%2Fv2%2Fcomments&post=127"}],"version-history":[{"count":25,"href":"https:\/\/www.granulex.fr\/index.php?rest_route=\/wp\/v2\/pages\/127\/revisions"}],"predecessor-version":[{"id":862,"href":"https:\/\/www.granulex.fr\/index.php?rest_route=\/wp\/v2\/pages\/127\/revisions\/862"}],"up":[{"embeddable":true,"href":"https:\/\/www.granulex.fr\/index.php?rest_route=\/wp\/v2\/pages\/322"}],"wp:attachment":[{"href":"https:\/\/www.granulex.fr\/index.php?rest_route=%2Fwp%2Fv2%2Fmedia&parent=127"}],"curies":[{"name":"wp","href":"https:\/\/api.w.org\/{rel}","templated":true}]}}