{"id":109,"date":"2012-01-26T15:45:41","date_gmt":"2012-01-26T14:45:41","guid":{"rendered":"http:\/\/www.granulex.fr\/?page_id=109"},"modified":"2012-05-31T16:25:19","modified_gmt":"2012-05-31T14:25:19","slug":"bloc-beton-allege","status":"publish","type":"page","link":"https:\/\/www.granulex.fr\/?page_id=109","title":{"rendered":"Bloc b\u00e9ton all\u00e9g\u00e9"},"content":{"rendered":"<div class=\"left_bloc\">\n<h2>L\u00e9g\u00e8ret\u00e9<\/h2>\n<p><span style=\"color: #9c4a0e;\">\u2022<\/span> <span style=\"font-weight:bold\">Granulex\u00ae<\/span> vous apporte la possibilit\u00e9 de r\u00e9aliser n\u2019importe quel b\u00e9ton, la l\u00e9g\u00e8ret\u00e9 en plus. Pour les pr\u00e9fabricants, il est donc possible de r\u00e9aliser des blocs b\u00e9tons dans leurs moules standards.<\/p>\n<p><span style=\"color: #9c4a0e;\">\u2022<\/span> La pi\u00e8ce autrefois trop lourde retrouve un poids acceptable avec, pour le pr\u00e9fabricant un investissement nul : en effet, l\u2019ardoise expans\u00e9e s\u2019utilise comme un agr\u00e9gat standard, il suffit d\u2019utiliser les moules existants pour avoir un NOUVEAU PRODUIT \u00e0 votre gamme.<\/p>\n<h3 style=\"margin-bottom:15px\">Gain de masse 40 %.<\/h3>\n<p><span style=\"color: #9c4a0e;\">\u2022<\/span> L\u2019ardoise expans\u00e9e offrant des performances similaires \u00e0 celles des agr\u00e9gats courants, c\u2019est avec des formules tr\u00e8s proches de vos recettes courantes que vous obtiendrez des valeurs techniques identiques aux pi\u00e8ces que vous produises couramment.<\/p>\n<p><span style=\"color: #9c4a0e;\">\u2022<\/span> Produits depuis plus de 10 ans, les blocs en schiste expans\u00e9 ont fait l\u2019objet de tous les contr\u00f4les impos\u00e9s par les normes en vigueur (r\u00e9sistance, variation dimensionnelle, absorption \u2026)<\/p>\n<p><span style=\"color: #9c4a0e;\">\u2022<\/span> Outre un gain de temps non n\u00e9gligeable lors de la pose, les blocs l\u00e9gers apportent un all\u00e8gement des charges dormantes ( environ 155 kg au m\u00b2 pour des blocs standard) qui permettent d\u2019ouvrir de nouveaux march\u00e9s aux producteurs de blocs b\u00e9ton.<\/p>\n<p><span style=\"color: #9c4a0e;\">\u2022<\/span> Le bloc plein perfor\u00e9, deux fois plus long \u00e0 mettre en \u0153uvre \u00e0 cause de sa masse \u00e9lev\u00e9e, ne p\u00e8se plus que le poids d\u2019un blocs creux de 200 mm standard. N\u2019attendez pas pour fid\u00e9liser vos poseurs en leur confiant ce nouveau produit !<\/p>\n<p><span style=\"color: #9c4a0e;\">\u2022<\/span> Evoluant sous la m\u00eame norme que les blocs b\u00e9tons standard, les Bloclight\u00ae peuvent sans difficult\u00e9s particuli\u00e8res s\u2019inscrire dans votre gamme.\n<\/div>\n<div class=\"right_bloc\">\n<img loading=\"lazy\" decoding=\"async\" src=\"http:\/\/www.granulex.fr\/wp-content\/uploads\/2012\/02\/IMG_1976-300x225.jpg\" alt=\"Un chantier en bloc de b\u00e9ton all\u00e9g\u00e9s - Granulex\" title=\"Un chantier en blocs de b\u00e9ton all\u00e9g\u00e9s\" width=\"300\" height=\"225\" class=\"size-medium wp-image-182\" srcset=\"https:\/\/www.granulex.fr\/wp-content\/uploads\/2012\/02\/IMG_1976-300x225.jpg 300w, https:\/\/www.granulex.fr\/wp-content\/uploads\/2012\/02\/IMG_1976-1024x768.jpg 1024w, https:\/\/www.granulex.fr\/wp-content\/uploads\/2012\/02\/IMG_1976-400x300.jpg 400w\" sizes=\"auto, (max-width: 300px) 100vw, 300px\" \/><\/p>\n<p class=\"legende\">Un chantier de bloc all\u00e9g\u00e9<\/p>\n<p><img loading=\"lazy\" decoding=\"async\" src=\"http:\/\/www.granulex.fr\/wp-content\/uploads\/2012\/02\/perfo-300x184.jpg\" alt=\"Le bloc plein perfor\u00e9 - Granulex\" title=\"Le bloc plein perfor\u00e9\" width=\"300\" height=\"184\" class=\"size-medium wp-image-183\" srcset=\"https:\/\/www.granulex.fr\/wp-content\/uploads\/2012\/02\/perfo-300x184.jpg 300w, https:\/\/www.granulex.fr\/wp-content\/uploads\/2012\/02\/perfo-488x300.jpg 488w, https:\/\/www.granulex.fr\/wp-content\/uploads\/2012\/02\/perfo.jpg 851w\" sizes=\"auto, (max-width: 300px) 100vw, 300px\" \/><\/p>\n<p class=\"legende\">Le bloc plein perfor\u00e9 \u00e9quivaut au bloc creux de 200 mm standard.<\/p>\n<\/div>\n","protected":false},"excerpt":{"rendered":"<p>L\u00e9g\u00e8ret\u00e9 \u2022 Granulex\u00ae vous apporte la possibilit\u00e9 de r\u00e9aliser n\u2019importe quel b\u00e9ton, la l\u00e9g\u00e8ret\u00e9 en plus. Pour les pr\u00e9fabricants, il est donc possible de r\u00e9aliser des blocs b\u00e9tons dans leurs moules standards. \u2022 La pi\u00e8ce autrefois trop lourde retrouve un &hellip; <a href=\"https:\/\/www.granulex.fr\/?page_id=109\">Continuer la lecture <span class=\"meta-nav\">&rarr;<\/span><\/a><\/p>\n","protected":false},"author":4,"featured_media":0,"parent":305,"menu_order":4,"comment_status":"closed","ping_status":"open","template":"page-bpe.php","meta":{"footnotes":""},"class_list":["post-109","page","type-page","status-publish","hentry"],"_links":{"self":[{"href":"https:\/\/www.granulex.fr\/index.php?rest_route=\/wp\/v2\/pages\/109","targetHints":{"allow":["GET"]}}],"collection":[{"href":"https:\/\/www.granulex.fr\/index.php?rest_route=\/wp\/v2\/pages"}],"about":[{"href":"https:\/\/www.granulex.fr\/index.php?rest_route=\/wp\/v2\/types\/page"}],"author":[{"embeddable":true,"href":"https:\/\/www.granulex.fr\/index.php?rest_route=\/wp\/v2\/users\/4"}],"replies":[{"embeddable":true,"href":"https:\/\/www.granulex.fr\/index.php?rest_route=%2Fwp%2Fv2%2Fcomments&post=109"}],"version-history":[{"count":17,"href":"https:\/\/www.granulex.fr\/index.php?rest_route=\/wp\/v2\/pages\/109\/revisions"}],"predecessor-version":[{"id":858,"href":"https:\/\/www.granulex.fr\/index.php?rest_route=\/wp\/v2\/pages\/109\/revisions\/858"}],"up":[{"embeddable":true,"href":"https:\/\/www.granulex.fr\/index.php?rest_route=\/wp\/v2\/pages\/305"}],"wp:attachment":[{"href":"https:\/\/www.granulex.fr\/index.php?rest_route=%2Fwp%2Fv2%2Fmedia&parent=109"}],"curies":[{"name":"wp","href":"https:\/\/api.w.org\/{rel}","templated":true}]}}